isor of y and i.
18
Let w = 0 - 0. Suppose -u - 1257 = -3*z, -6*u + 3*u = z - 429. Suppose -o + 6*o - z = w. What is the highest common divisor of o and 28?
28
Suppose d = 18*d - 9724. Calculate the greatest common divisor of d and 44.
44
Let k(o) = -9*o + 201. Let j be k(-21). Calculate the highest common divisor of j and 20.
10
Suppose -2100 = 4*n - n. Let w be -4 + 8 - n/5. Calculate the highest common factor of w and 36.
36
Let j be (27/(-12))/(1 + 11/(-8)). Suppose 13*u - 868 = j*u. Calculate the greatest common divisor of u and 31.
31
Suppose -4*d + 2*o = 130, 5*d - o + 3*o = -140. Let i = d - -38. What is the greatest common factor of i and 20?
4
Let v = 900 - 895. What is the greatest common factor of 505 and v?
5
Let b(j) = j**3 - 7*j**2 + 16*j - 58. Let f be b(6). Let q = 1 - -1. What is the greatest common divisor of f and q?
2
Let k = 2538 + -2463. Let g be ((-93)/(-2))/3*2. Suppose l - g = -1. What is the highest common factor of l and k?
15
Let v be 4*1/2*-4. Let f = 10 - v. Let r be f + (-1 - (-2 + 1)). What is the greatest common divisor of 9 and r?
9
Let a = -235 + 403. What is the highest common factor of a and 56?
56
Suppose 0 = -2*n + w + 3, -4*n + 1 = 2*w - 5*w. Let r be -22*(-1 - 5/5). What is the highest common factor of n and r?
4
Suppose -5*v - 129 - 45 = i, 0 = -i + 2*v - 181. Let a = -114 - i. Let u = 45 + a. What is the greatest common factor of u and 10?
10
Let q = -1063 + 1103. What is the greatest common factor of q and 232?
8
Let b = 359 - 155. Let w be (6/(-5))/(66/(-660)). Calculate the greatest common divisor of w and b.
12
Let y(m) = 8*m**2 - 8. Let u be y(-4). Suppose -n = -11*n + u. Calculate the highest common factor of 96 and n.
12
Suppose -2*s + 80 = 3*s. Let m = 1255 - 1253. Calculate the greatest common divisor of m and s.
2
Suppose -3*y - 6 = o, -5*o + 5*y - 90 - 20 = 0. Let h = -17 - o. Let j be ((-10)/(-20))/(h/60). Calculate the greatest common divisor of j and 20.
10
Suppose 4*i - 2*t = 76, -5*i + i + 76 = 4*t. Suppose 5*z = i + 36. What is the highest common factor of 77 and z?
11
Let s be (-1*18)/((-5)/5). Let y = 4 + -2. Let n be (-4 + y)/(((-8)/6)/4). Calculate the highest common factor of s and n.
6
Let m(h) = -h**3 + 43. Let r be m(0). Let t = -30 + r. Let q = -275 - -418. What is the highest common factor of t and q?
13
Let v = -2270 - -3579. Calculate the highest common divisor of v and 77.
77
Let j(f) = f**3 + 13*f**2 + 13*f + 45. Let y be j(-11). What is the highest common divisor of y and 32?
16
Let w = -17 + 7. Let d(p) = -11 + 3*p + p**2 - 5*p + 5*p + 4*p. Let v be d(w). Calculate the greatest common factor of 209 and v.
19
Let f(p) = -2*p**3 + 8*p**2 + 17*p + 1. Let q be f(-4). Let a = 43 + -22. Calculate the greatest common factor of q and a.
21
Let y(l) = l**3 + 19*l**2 - 5*l - 2. Let h be y(-19). Suppose 0 = -4*o + q + h, -5*q - 6 - 129 = -5*o. Calculate the highest common divisor of o and 22.
22
Suppose -2*n - 33 = -4*s - n, 2*s - 21 = 5*n. Suppose -7*d - 55 = -s*d. Calculate the highest common factor of d and 33.
11
Let o = -209 - -213. Calculate the highest common factor of 608 and o.
4
Suppose 140 = 63*d - 61*d. Calculate the greatest common divisor of 245 and d.
35
Let n(x) = 67*x + 1. Let m be n(-1). Let f = m - -126. Suppose -3*y + f = y. What is the highest common factor of y and 60?
15
Suppose 2*h + 5*q - 63 = 0, 85 = -75*h + 80*h - 2*q. Let l be 50/(-20)*(-342)/5. What is the highest common divisor of h and l?
19
Let g(h) = 6*h**2 + h + 11. Let j be g(-3). Calculate the highest common divisor of 31 and j.
31
Let p(w) be the third derivative of -w**5/60 + w**4/4 - w**3/3 + 6*w**2. Let z be p(4). Suppose 126 - 30 = 2*l. Calculate the highest common factor of z and l.
6
Suppose 0 = 3*w + 12, 5*w + 181 = 3*h + 7*w. What is the highest common factor of 18 and h?
9
Suppose -655*a = -652*a - 285. Let y = 43 + -24. Calculate the greatest common divisor of a and y.
19
Suppose -20 = -2*j + 2*c, 5*j + 360*c - 359*c = 44. What is the highest common divisor of j and 288?
9
Let z = -234 + 260. Calculate the greatest common factor of z and 39.
13
Let w be 1*6 + 5*(-18)/(-30). Let v(j) = 2*j - 10. Let t be v(w). What is the greatest common divisor of 72 and t?
8
Let m be ((-422523)/(-270) - 1/(-10)) + -3. What is the highest common divisor of m and 22?
22
Let y(c) = -6*c + 27. Let h be y(4). Calculate the highest common factor of h and 17.
1
Let x(f) = f + 5. Let p be x(-2). Suppose 3*u - p*v + 19 = -5*v, 5*v = -25. Let b = 17 - u. Calculate the greatest common divisor of 180 and b.
20
Suppose -b + 21 = -5*o, 0 = -2*b + o - 3*o + 18. Suppose -12*f + 160 = -b*f. What is the highest common factor of f and 20?
20
Suppose 14*s - 483 = 567. What is the highest common divisor of 645 and s?
15
Suppose 3*j - 119 - 4 = 0. Suppose 5*x + 3 = 3*d + 52, 4*d - j = -3*x. What is the greatest common factor of x and 11?
11
Let i be 2/8*-2 + 89/2. Let m be (-1)/(4/(-36))*i/6. Calculate the greatest common divisor of 6 and m.
6
Suppose -3*t + 8*t = -20, 19 = 3*i - t. Suppose j - 8 = i*q, 2*j - 27 = -0*j - q. What is the highest common divisor of 1 and j?
1
Let p be 7432/60 + 26/195. Calculate the greatest common divisor of p and 12.
4
Let r(b) = 5*b**3 - b**2 - 4*b - 1. Let p be r(3). Suppose -25 + p = y. Calculate the highest common factor of y and 11.
11
Let b be (0 + -1*6)*-1. Let k(p) = -p**3 + 6*p**2 + 6*p - 5. Let i be k(7). Let a = 36 - i. What is the greatest common divisor of b and a?
6
Suppose 0 = -5*r + 12 + 8. Let m be (1 - r) + 5 - -20. Let x = m - -34. Calculate the highest common divisor of 8 and x.
8
Let p be (-20)/(-4)*(-2)/(-5). Let d(c) = -6*c - 5 + 3*c + 9 - p*c**2 + 3*c**2. Let r be d(5). Calculate the greatest common divisor of 70 and r.
14
Let q = 319 - 199. Let t be q/21 - 4/(-14). Calculate the highest common divisor of 54 and t.
6
Suppose -4*t = -45 - 19. Let r = 80 - 210. Let a be (t/20)/((-4)/r). Calculate the greatest common factor of 65 and a.
13
Suppose -235 = -5*g - 60. Suppose -2*h = 3*m - 40, 90 = 2*h + 3*h + 5*m. What is the highest common factor of g and h?
7
Suppose -9*i - 340 = -14*i. Let n(r) = r**3 - 7*r**2 + 10*r - 7. Let g be n(6). What is the greatest common divisor of g and i?
17
Let p = 75 - 54. Let k = p + -35. Let u(t) = t**3 + 14*t**2 - 2*t - 18. Let i be u(k). What is the greatest common divisor of i and 90?
10
Suppose 17*i = 14*i - 27. Let u be i/(-2)*(-24)/(-18). What is the greatest common factor of u and 6?
6
Let y be (-24)/9*(-60)/8. Suppose -2*w - 2*v + 20 = -4*v, -2*w + 3*v = -y. Calculate the highest common factor of 10 and w.
10
Suppose 5*p - 26 + 1 = 0. Let f be (-14)/70*(1 - -4). Let r = f + p. Calculate the highest common divisor of r and 2.
2
Let v(o) = 4*o - 6. Suppose -3*g = -s - 22, -4*g + 2 = -g + 4*s. Let f be v(g). Suppose 1 + 165 = 83*j. Calculate the greatest common factor of j and f.
2
Let p be (-108)/2*(-16)/4. What is the greatest common factor of p and 8?
8
Let l(h) = 4*h + 77. Let a be l(-11). What is the highest common factor of a and 891?
33
Let c(z) = -z**3 - 2*z**2 + z. Let y be c(-2). Let m be (5 + -6)/(y/8). What is the highest common factor of 32 and m?
4
Let i(w) = 2*w - 17. Let y be i(6). Let p be (1*y)/(8 - 9). What is the highest common factor of 5 and p?
5
Let f be 0 + (1261/26 - (-2)/(-4)). What is the greatest common divisor of 2544 and f?
48
Let r = 44 + -6. Let w = -182 - -201. What is the greatest common divisor of r and w?
19
Let t be 3/9 + 66/18. Let h be 1058/14 + t*21/196. Suppose -567 = -3*j - 0*b + b, 0 = 3*j + b - 573. What is the highest common divisor of h and j?
38
Suppose -28 = -2*p + 3*w, 25*p - 44 = 21*p + 3*w. Calculate the greatest common divisor of p and 216.
8
Suppose 11*f = 599 - 104. Calculate the highest common factor of 960 and f.
15
Let l = 23 - 21. Suppose -l*h + 4*p = -1028, -3*h + 5*p + 505 = -2*h. Suppose 0 = 3*u - 8*u + h. Calculate the greatest common factor of 13 and u.
13
Suppose -5*b - z + 236 = -2*b, b - z - 72 = 0. What is the greatest common divisor of b and 55?
11
Let z = -1 - -3. Suppose -57 = -z*s + 27. Let v = -105 - -119. Calculate the highest common factor of v and s.
14
Suppose -41*c = -35*c - 72. What is the highest common factor of 12 and c?
12
Let x be -1 + 1 + -3 +